he highest common divisor of 9 and j.
9
Suppose 5*n - 30 = -4*g, 12 = -0*n - 4*n + 4*g. Suppose -c - n + 13 = 0. Calculate the greatest common divisor of c and 11.
11
Let y be 105/2 + (-4)/(-8). Let d = y + -78. Let c = d - -35. What is the highest common divisor of c and 110?
10
Suppose -31 = -5*s + 44. Calculate the greatest common factor of 15 and s.
15
Suppose -v = 3*d - 17, 4*d - 14 = v + 2*v. Calculate the greatest common divisor of v and 22.
2
Suppose 0*p + 2*y = -p + 13, -3*y = 4*p - 42. Calculate the highest common divisor of 63 and p.
9
Let o(t) = t**3 - 4*t**2 + 7*t - 12. Let s be o(7). What is the greatest common divisor of s and 23?
23
Let v = -4 + 7. Suppose v*j = 83 - 29. Let f = -31 - -43. Calculate the greatest common factor of j and f.
6
Let n(r) = r**2 + 2*r + 1. Let h be (-1 + (7 - 1))/(-1). Let y be n(h). What is the highest common factor of y and 2?
2
Let q = 5 - 3. Let o(s) = q*s - 7*s + 6*s. Let p be o(4). What is the greatest common factor of 2 and p?
2
Let q(c) = 4*c**2 - 3*c + 9. Let y be q(6). Let w be (-1)/(4/8) + 17. Let n be w + (1 - -1 - 2). Calculate the greatest common factor of n and y.
15
Suppose 143 = -5*f - 117. Let b(a) = 20*a**2 - a - 2. Let n be b(2). Let s = n + f. What is the greatest common divisor of 3 and s?
3
Let v = 5 - 2. Let f(p) = -v + 5 - 1 - 14*p. Let m be f(-1). Calculate the greatest common divisor of m and 5.
5
Let x(m) = -5*m**3 + 4*m**2 + 3*m - 2. Let b be x(-2). Suppose -320 = p - 6*p. Suppose k - p = -3*k. Calculate the greatest common divisor of k and b.
16
Let c(v) = -8*v - 18 + 19*v - 8*v. Let h be c(12). Calculate the greatest common factor of h and 126.
18
Suppose -5*p + 76 + 284 = 0. Calculate the greatest common factor of p and 6.
6
Let p = -28 + 132. What is the highest common factor of 13 and p?
13
Let m be (6/12)/((-2)/(-4)). What is the greatest common factor of 2 and m?
1
Let v = -184 - -205. Let z(r) = 2*r**2 + 2*r + 2. Let d be z(-4). Suppose -30 - d = -4*i. Calculate the greatest common factor of v and i.
7
Suppose 2*r - 2*l + 4 = -0*r, -2*r - 5*l + 24 = 0. What is the greatest common divisor of r and 18?
2
Suppose 0 = -k + i - 11, -2*i + 20 = -4*k - 4*i. Let m = 13 - k. What is the greatest common factor of 20 and m?
20
Let j(p) = 2*p**2 + 7*p + 2. Let m be j(-4). What is the greatest common divisor of 42 and m?
6
Let h = -5 + 8. Suppose -d + 19 = q + 3, 4*d - 49 = -q. Let x be (-18)/(-22) + 2/d. Calculate the highest common divisor of h and x.
1
Let h(b) = -14*b. Let y = -1 + -5. Let c be h(y). Let o = -28 + c. Calculate the highest common divisor of o and 14.
14
Let z = 72 + -62. Calculate the greatest common divisor of 5 and z.
5
Let z(k) = k**3 - 6*k**2 + 5*k + 2. Let o be z(8). Suppose 5*v - 3*y = o, -v + 34 = -0*y - y. Calculate the greatest common factor of v and 85.
17
Let f = 87 - 55. Calculate the highest common factor of 80 and f.
16
Let p be -98*(-2)/(-4)*-1. Calculate the highest common divisor of p and 7.
7
Let u(n) = -n**3 - 13*n**2 + 11*n + 10. Let z be u(-14). What is the greatest common factor of 130 and z?
26
Let o(x) = -x**2 + 13*x + 8. Let q be o(8). Let r = q + -34. Let s(n) = -n**2 - 11*n + 7. Let j be s(-11). Calculate the greatest common divisor of j and r.
7
Let j(l) = 0*l - 4*l + 3*l. Let q be j(3). Let y be (8/q)/((-4)/6). What is the highest common factor of 6 and y?
2
Let h = -442 - -739. What is the highest common factor of 27 and h?
27
Let p = -99 + 108. What is the highest common factor of 27 and p?
9
Suppose 0 = 9*a - 4*a - 50. Suppose -c - 4*c = 0. Let k be (8 - -1) + 1 + c. What is the greatest common divisor of a and k?
10
Let z(o) = 2*o + 20. Let i be z(21). Calculate the greatest common divisor of i and 93.
31
Suppose -2*r = -r - 5. Suppose 2*x - 492 = -4*w, r*x - 141 = -w - 0*w. What is the greatest common factor of 11 and w?
11
Let x(a) = 22*a**2 - 5*a - 5. Let i be x(-1). Suppose -3*n + 8 = 4*k, -5 = -k + 3*n - 3. What is the highest common divisor of k and i?
2
Let j(r) be the third derivative of r**4/24 - 14*r**3/3 + r**2. Let x be j(0). Let u be 1*(1 - x) + -3. Calculate the greatest common divisor of 13 and u.
13
Suppose 3*c + 4 = -5. Let s = -2 - c. Suppose 3*d - 5*j - 6 = 0, 3*j + 5 = 4*d - 14. Calculate the greatest common divisor of d and s.
1
Let l = 35 + -21. Let v = -2 - -2. Let g = v - -2. Calculate the highest common divisor of l and g.
2
Suppose c + 5*n = 20, n + 29 = c - 3. What is the highest common factor of 75 and c?
15
Let c = 68 - -6. Let y = 28 + c. Calculate the greatest common divisor of 17 and y.
17
Let f(k) = 39*k**3 + 2*k - 1. Let o be f(1). Let c be ((-20)/30)/(4 + (-98)/24). Calculate the highest common factor of o and c.
8
Let h(w) = w**3 - 10*w**2 + 4*w - 35. Let y be h(10). Let n = 3 - -22. What is the highest common divisor of y and n?
5
Suppose 3*z - 9 + 24 = 0, -10 = -5*s - z. Suppose 3*a = 0, 3*c = -0*a + s*a + 45. What is the greatest common factor of 3 and c?
3
Let h be (1 - 4)*66/(-9). Calculate the highest common divisor of h and 55.
11
Suppose -3*a = a + 2*r - 32, 3*r + 6 = 0. Let d = -1 + a. Calculate the greatest common divisor of 20 and d.
4
Let y(p) = p**2 + 3*p + 5. Let s be y(-5). Calculate the highest common factor of s and 15.
15
Let h be 1*191 + (5 - 9). Calculate the highest common factor of 17 and h.
17
Let j(s) = -197*s + 1. Let d be j(-1). What is the highest common factor of 22 and d?
22
Let l(n) = 6*n - 3. Let o be l(6). Let m(a) = a**3 + 7*a**2 - 1. Let i be m(-6). Let s = i - 24. What is the highest common divisor of s and o?
11
Suppose -6*v = -5*v - 8. Suppose -4*l - 5*c + 21 = 4, -5*l - 4*c = -28. What is the highest common factor of v and l?
8
Let g(h) = 66*h - 1. Let u(n) = -n - 3. Let v be u(-4). Let t be g(v). What is the greatest common factor of 13 and t?
13
Let s(k) be the second derivative of -k**2 + 1/6*k**3 - 2*k - 1/3*k**4 + 1/20*k**5 + 0. Let m be s(4). What is the greatest common factor of 12 and m?
2
Let k(w) be the second derivative of w**5/20 - 11*w**4/12 + w**3/2 - 3*w**2/2 + 2*w. Let h be k(11). What is the highest common divisor of h and 15?
15
Let v be 2 + 2/(0 + 2). Let d(z) = 3*z - z + 2 + z**2 - 5*z. Let b be d(v). Calculate the highest common factor of b and 5.
1
Let f = -26 + 8. Let s be (f/8)/((-3)/24). Calculate the greatest common factor of 12 and s.
6
Let m = 56 - 36. What is the highest common divisor of m and 50?
10
Suppose 174 = 3*n + 2*k, 132 = 2*n - 5*k - 3. Calculate the highest common factor of n and 12.
12
Let s = -2 + 7. Suppose -s = -u + 4. Let c be -9*(-11*1 + 0). What is the greatest common divisor of c and u?
9
Let j(p) = 7*p - 2. Let d be j(5). Suppose -44 = -5*a - w, 31 = 4*a - 0*w + 5*w. Suppose -2*c - c = -a. Calculate the highest common factor of d and c.
3
Let p = -2 + 7. Suppose 88 - 19 = 2*s + p*b, 4*b = -3*s + 86. What is the greatest common factor of s and 44?
22
Let k be ((58 - 8)/(-5))/(-2). Let r = 38 - -17. What is the greatest common factor of r and k?
5
Let v(d) = d - 5. Let z be v(6). Suppose -5*f + o + z = -9, -4*f = -4*o - 8. Let n = -9 + 14. What is the greatest common factor of f and n?
1
Suppose -4*j = 3*x - 2*x - 309, 4*j - 4 = 0. Calculate the highest common factor of 122 and x.
61
Suppose 3*n - 4*f = 232, -296 = -5*n + n + 2*f. What is the greatest common divisor of n and 8?
8
Suppose -4 = -3*y + 80. Calculate the greatest common factor of 4 and y.
4
Let h = 11 + -4. Let l be (-7)/((-30)/27 + 1). Calculate the highest common divisor of h and l.
7
Let x be (-12)/72 - 866/(-12). What is the greatest common divisor of x and 8?
8
Suppose 9*j = 5*j + 180. Calculate the greatest common divisor of 225 and j.
45
Let y = 62 + -27. Calculate the highest common factor of 14 and y.
7
Let s(r) = r**2 + 48. Let l be s(0). Suppose 4*p + 5*q - 113 = 0, 3*p + 3*q + 73 = 5*p. Calculate the greatest common factor of p and l.
16
Let q(g) = -2*g**2 + 3*g**2 + 78*g**3 - 2*g**2 + g - 1. Let u be q(1). What is the greatest common factor of u and 7?
7
Suppose 0 = 3*r, 2*r + 3 = 4*a - 9. Let s(p) = -p - 7. Let o be s(-10). Calculate the greatest common divisor of o and a.
3
Suppose -3*k = -9*k + 216. What is the greatest common divisor of 18 and k?
18
Let p(q) = -q**3 - 17*q**2 + 35*q - 15. Let k be p(-19). What is the great